e
Is 1476514321 a prime number?
True
Is 2007149 a prime number?
True
Is 139716689803 prime?
False
Is 125918549 prime?
True
Is 244311701 a composite number?
True
Is 57210165667 a prime number?
False
Is 2619852667 a prime number?
True
Is 6228775849 composite?
False
Is 71087203 prime?
False
Is 11656716337 a composite number?
True
Is 499669969 a composite number?
True
Is 2250848429 a prime number?
False
Is 16946438809 a prime number?
True
Is 15948426553 a prime number?
False
Is 114107627 composite?
True
Is 1766887373 prime?
False
Is 6585940013 a composite number?
False
Is 42264246963 prime?
False
Is 19450086307 a prime number?
False
Is 1824160111 composite?
False
Is 3593687677 a composite number?
False
Is 411263597 a prime number?
False
Is 61354764857 composite?
False
Is 2072456219 a composite number?
False
Is 928900351 composite?
True
Is 325525631 prime?
True
Is 219998884783 composite?
False
Is 2473768321 a prime number?
True
Is 644132347 a composite number?
False
Is 73076999507 a prime number?
True
Is 97724041 composite?
True
Is 230717656397 a prime number?
False
Is 49101653 a prime number?
True
Is 2481588961 prime?
True
Is 2998955711 composite?
True
Is 1923867259 a prime number?
False
Is 1491376679 prime?
False
Is 2342323691 a prime number?
True
Is 1569227771 composite?
False
Is 182965760563 a prime number?
False
Is 33043321 a prime number?
True
Is 1944810337 prime?
True
Is 28085937419 prime?
True
Is 1077315839 prime?
False
Is 15071623757 a prime number?
True
Is 1940860511 a composite number?
False
Is 699976639 prime?
False
Is 109553440421 composite?
False
Is 479808757 a prime number?
False
Is 862676309 a composite number?
True
Is 1277290897 composite?
True
Is 1371375101 a prime number?
False
Is 87349036861 prime?
True
Is 24029631403 prime?
True
Is 4975763561 a composite number?
True
Is 17506296277 prime?
True
Is 8984857631 prime?
True
Is 939095821 a prime number?
True
Is 1510777289 composite?
True
Is 5709909739 composite?
False
Is 119819267131 a composite number?
True
Is 28605051803 prime?
True
Is 7738886711 a composite number?
False
Is 100033627199 prime?
False
Is 23066200511 prime?
False
Is 7375912649 a prime number?
False
Is 696242447 a composite number?
False
Is 8956998067 a prime number?
True
Is 54331722821 composite?
True
Is 1154320801 a prime number?
True
Is 8245871443 a prime number?
False
Is 65139105149 prime?
True
Is 115657999 a composite number?
False
Is 4335806851 composite?
True
Is 24130122173 prime?
True
Is 109454969 composite?
True
Is 17367933013 a prime number?
True
Is 42998917457 a composite number?
False
Is 60410766379 a composite number?
False
Is 15104327081 a composite number?
True
Is 31906950689 prime?
True
Is 9477179401 a prime number?
False
Is 10098452569 a composite number?
False
Is 25520108987 a prime number?
True
Is 4313576207 prime?
True
Is 97113847 composite?
True
Is 1090686599 a composite number?
False
Is 121570545071 prime?
False
Is 79990120147 a prime number?
False
Is 17246729179 prime?
True
Is 1194280027 composite?
False
Is 15432078359 prime?
True
Is 486871309 composite?
False
Is 93339947021 composite?
False
Is 10422953141 prime?
True
Is 95369423 prime?
False
Is 17910074201 composite?
False
Is 1437903871 a composite number?
True
Is 24785507179 a composite number?
True
Is 6735982381 composite?
False
Is 81424795 a composite number?
True
Is 893816173 a prime number?
False
Is 3987795181 composite?
True
Is 607757851 a prime number?
True
Is 7127487037 prime?
False
Is 8935087631 a composite number?
True
Is 3958193201 a composite number?
True
Is 256469671 prime?
True
Is 737486011 a prime number?
True
Is 4374498263 prime?
True
Is 299763589 a composite number?
True
Is 3834082457 composite?
False
Is 112944896369 a composite number?
False
Is 79887141221 a composite number?
True
Is 322175801 a prime number?
True
Is 23519903287 prime?
False
Is 1418585263 a prime number?
False
Is 1026668647 prime?
True
Is 13373190079 composite?
False
Is 308997203407 prime?
False
Is 17957508671 a composite number?
False
Is 85406891861 a composite number?
True
Is 10843345351 a composite number?
False
Is 535601047 composite?
True
Is 300231661 a composite number?
True
Is 34901150189 prime?
True
Is 9301067 composite?
True
Is 18067107011 composite?
True
Is 404752433 composite?
True
Is 277695765811 prime?
True
Is 42695144719 composite?
False
Is 12343861681 prime?
True
Is 512167567 a composite number?
True
Is 96204727 prime?
True
Is 10503887509 a prime number?
True
Is 636210331 prime?
True
Is 164178069073 composite?
False
Is 4964649661 a composite number?
False
Is 41119727 a prime number?
False
Is 33282211 a composite number?
False
Is 957151163 a composite number?
True
Is 94322523143 composite?
False
Is 9101331391 a composite number?
False
Is 1931983637 a composite number?
False
Is 9880462743 a prime number?
False
Is 9649556053 a prime number?
True
Is 2029383973 a prime number?
True
Is 73406483107 a composite number?
True
Is 515522359 prime?
False
Is 18223199471 a composite number?
False
Is 1163602523 prime?
True
Is 67547892647 a prime number?
False
Is 2299459427 prime?
False
Is 4351560833 a composite number?
False
Is 2867181043 prime?
True
Is 11677747693 composite?
True
Is 796670177 a prime number?
True
Is 1361488873 prime?
True
Is 10512062093 a composite number?
True
Is 617309553089 composite?
False
Is 28814281 a prime number?
True
Is 871463623 composite?
False
Is 2650377073 prime?
True
Is 7285421929 composite?
True
Is 4088219411 composite?
False
Is 280906121 composite?
False
Is 142320802067 composite?
True
Is 419277919 composite?
True
Is 1886512427 a prime number?
False
Is 2873588251 a composite number?
True
Is 590015507 a prime number?
True
Is 222249002317 composite?
False
Is 16525175683 composite?
False
Is 561995821 composite?
False
Is 95648895583 a composite number?
True
Is 14929501201 composite?
True
Is 4451495231 composite?
True
Is 161755038769 composite?
False
Is 50855330497 a composite number?
False
Is 32808862949 prime?
True
Is 62145841 prime?
True
Is 505351028179 composite?
False
Is 5725781729 composite?
False
Is 295497378731 a prime number?
True
Is 7899426719 a prime number?
False
Is 22703992931 composite?
True
Is 1584438293 a composite number?
False
Is 268752083 a composite number?
False
Is 7462362179 prime?
True
Is 2565831091 a prime number?
True
Is 35509339847 a prime number?
False
Is 5568539687 a prime number?
True
Is 3227733766 a composite number?
True
Is 7741913741 composite?
False
Is 81119369 a composite number?
False
Is 26899590259 a prime number?
True
Is 3800604383 composite?
True
Is 283538267 composite?
False
Is 418246139 composite?
False
Is 1041384601 composite?
False
Is 7899843283 composite?
True
Is 1081177631 a composite number?
False
Is 13004363371 a composite number?
True
Is 30236522489 prime?
False
Is 1973444699 a composite number?
False
Is 162669167 composite?
True
Is 219116629 prime?
False
Is 4649743781 prime?
False
Is 291738253 a composite number?
False
Is 15376057867 composite?
True
Is 19785126731 a composite number?
True
Is 5461988099 a composite number?
False
Is 3075569209 composite?
False
Is 230034971 prime?
True
Is 509626991 prime?
False
Is 6395004611 composite?
False
Is 50443242869 a prime number?
True
Is 182751610253 a prime number?
True
Is 1841337149 a composite number?
False
Is 24276328007 a composite number?
True
Is 200195847997 prime?
True
Is 21474557411 a composite number?
False
Is 129407281 prime?
False
Is 25563305189 composite?
True
Is 2951632639 prime?
True
Is 595657177 composite?
True
Is 19218694513 a prime number?
False
Is 8204780917 a composite number?
False
Is 90077468237 a composite number?
False
Is 3731995739 a composite number?
False
Is 39314206111 prime?
True
Is 77887241 composite?
True
Is 87213940883 a prime number?
False
Is 393072179 prime?
False
Is 301599527 prime?
False
Is 37226342827 a prime number?
True
Is 821556727 composite?
False
Is 405267923 prime?
True
Is 2587675787 prime?
True
Is 28822912697 a prime number?
True
Is 288533663 a composite number?
True
Is 1611143087 a composite number?
True
Is 908753213 a composite number?
True
Is 183775367 prime?
True
Is 1286645379 composite?
True
Is 6409730759 composite?
False
Is 8404351679 a prime number?
True
Is 6808171093 prime?
False
Is 1928000